{"id":48,"date":"2019-11-07T00:30:38","date_gmt":"2019-11-06T23:30:38","guid":{"rendered":"http:\/\/ecole-sainte-therese.be\/?page_id=48"},"modified":"2023-04-26T10:09:25","modified_gmt":"2023-04-26T08:09:25","slug":"equipe-educative","status":"publish","type":"page","link":"https:\/\/ecole-sainte-therese.be\/index.php\/equipe-educative\/","title":{"rendered":"Equipe \u00e9ducative"},"content":{"rendered":"<p>&nbsp;<\/p>\n<p>&nbsp;<\/p>\n<p style=\"text-align: center;\"><span style=\"font-family: 'comic sans ms', sans-serif; font-size: 28px;\"><span style=\"color: #ff0000;\">Directrice:<\/span> Madame Marie-Laure Binam\u00e9<\/span><\/p>\n<p>&nbsp;<\/p>\n<p><img loading=\"lazy\" decoding=\"async\" class=\"size-medium wp-image-674 aligncenter\" src=\"http:\/\/ecole-sainte-therese.be\/wp-content\/uploads\/2020\/02\/Frise-enfants-300x131.png\" alt=\"\" width=\"300\" height=\"131\" srcset=\"https:\/\/ecole-sainte-therese.be\/wp-content\/uploads\/2020\/02\/Frise-enfants-300x131.png 300w, https:\/\/ecole-sainte-therese.be\/wp-content\/uploads\/2020\/02\/Frise-enfants-1024x447.png 1024w, https:\/\/ecole-sainte-therese.be\/wp-content\/uploads\/2020\/02\/Frise-enfants-768x335.png 768w, https:\/\/ecole-sainte-therese.be\/wp-content\/uploads\/2020\/02\/Frise-enfants.png 1086w\" sizes=\"auto, (max-width: 300px) 100vw, 300px\" \/><\/p>\n<p>&nbsp;<\/p>\n<p style=\"text-align: center;\"><span style=\"color: #993366; font-family: 'comic sans ms', sans-serif; font-size: 24px;\"><span style=\"text-decoration: underline;\">Implantation du cercle:<\/span> rue de Maubeuge<\/span><\/p>\n<p>&nbsp;<\/p>\n<p style=\"text-align: left;\"><span style=\"font-family: 'comic sans ms', sans-serif; font-size: 20px;\"><span style=\"color: #993366;\">Accueil-M1:<\/span> Madame Val\u00e9rie Dellier<\/span><\/p>\n<p style=\"text-align: left;\"><span style=\"font-family: 'comic sans ms', sans-serif; font-size: 20px;\"><span style=\"color: #993366;\">M2:<\/span> Madame Isabelle Navez<\/span><\/p>\n<p>&nbsp;<\/p>\n<p style=\"text-align: left;\"><span style=\"font-size: 20px; font-family: 'comic sans ms', sans-serif;\"><span style=\"color: #993366;\">Pu\u00e9ricultrice:<\/span> Madame Caroline Lemaire<\/span><\/p>\n<p>&nbsp;<\/p>\n<p style=\"text-align: left;\"><span style=\"font-size: 20px; font-family: 'comic sans ms', sans-serif;\"><span style=\"color: #993366;\">Polyvalence:<\/span> Madame S\u00e9verine Lempreux<\/span><\/p>\n<p>&nbsp;<\/p>\n<p style=\"text-align: left;\"><span style=\"font-size: 20px; font-family: 'comic sans ms', sans-serif;\"><span style=\"color: #993366;\">Psychomotricit\u00e9:<\/span> Monsieur Damien Thomas<\/span><\/p>\n<p>&nbsp;<\/p>\n<p><span style=\"font-family: 'comic sans ms', sans-serif; font-size: 20px;\"><span style=\"color: #993366;\">Gardienne:<\/span> Madame Bernadette Deltenre<\/span><\/p>\n<p>&nbsp;<\/p>\n<p><img loading=\"lazy\" decoding=\"async\" class=\"size-medium wp-image-676 aligncenter\" src=\"http:\/\/ecole-sainte-therese.be\/wp-content\/uploads\/2020\/02\/Frise-enfants-2-300x184.png\" alt=\"\" width=\"300\" height=\"184\" srcset=\"https:\/\/ecole-sainte-therese.be\/wp-content\/uploads\/2020\/02\/Frise-enfants-2-300x184.png 300w, https:\/\/ecole-sainte-therese.be\/wp-content\/uploads\/2020\/02\/Frise-enfants-2-768x470.png 768w, https:\/\/ecole-sainte-therese.be\/wp-content\/uploads\/2020\/02\/Frise-enfants-2.png 1007w\" sizes=\"auto, (max-width: 300px) 100vw, 300px\" \/><\/p>\n<p>&nbsp;<\/p>\n<p style=\"text-align: center;\"><span style=\"font-size: 28px; color: #00ccff; font-family: 'comic sans ms', sans-serif;\"><span style=\"text-decoration: underline;\">Implantation flor\u00e9al:<\/span> rue Flor\u00e9al Park<\/span><\/p>\n<p>&nbsp;<\/p>\n<p style=\"text-align: left;\"><span style=\"font-family: 'comic sans ms', sans-serif; font-size: 20px;\"><span style=\"color: #00ccff;\">M3:<\/span> Madame Anne Baudson<\/span><\/p>\n<p style=\"text-align: left;\"><span style=\"font-family: 'comic sans ms', sans-serif; font-size: 20px;\"><span style=\"color: #00ccff;\">P1:<\/span> Madame Louise Oglialoro<\/span><\/p>\n<p style=\"text-align: left;\"><span style=\"font-family: 'comic sans ms', sans-serif; font-size: 20px;\"><span style=\"color: #00ccff;\">P2:<\/span> Monsieur Nicolas Ferbus<\/span><\/p>\n<p style=\"text-align: left;\"><span style=\"font-family: 'comic sans ms', sans-serif; font-size: 20px;\"><span style=\"color: #00ccff;\">P3:<\/span> Madame Nadia Dehoux<\/span><\/p>\n<p style=\"text-align: left;\"><span style=\"font-family: 'comic sans ms', sans-serif; font-size: 20px;\"><span style=\"color: #00ccff;\">P4:<\/span> Madame Elodie Tassin<\/span><\/p>\n<p style=\"text-align: left;\"><span style=\"font-family: 'comic sans ms', sans-serif; font-size: 20px;\"><span style=\"color: #00ccff;\">P5:<\/span> Madame Cathy Biais<\/span><\/p>\n<p style=\"text-align: left;\"><span style=\"font-family: 'comic sans ms', sans-serif; font-size: 20px;\"><span style=\"color: #00ccff;\">P6:<\/span> Monsieur Fran\u00e7ois Cristante<\/span><\/p>\n<p>&nbsp;<\/p>\n<p style=\"text-align: left;\"><span style=\"font-size: 20px; font-family: 'comic sans ms', sans-serif;\"><span style=\"color: #00ccff;\">Education physique:<\/span> Monsieur Guillaume Bonet<\/span><\/p>\n<p>&nbsp;<\/p>\n<p style=\"text-align: left;\"><span style=\"font-size: 20px; font-family: 'comic sans ms', sans-serif;\"><span style=\"color: #00ccff;\">Psychomotricit\u00e9:<\/span> Monsieur Damien Thomas<\/span><\/p>\n<p>&nbsp;<\/p>\n<p style=\"text-align: left;\"><span style=\"font-family: 'comic sans ms', sans-serif; font-size: 20px;\"><span style=\"color: #00ccff;\">Polyvalence:<\/span> Madame Alisson Pilates<\/span><\/p>\n<p>&nbsp;<\/p>\n<p style=\"text-align: left;\"><span style=\"font-family: 'comic sans ms', sans-serif; font-size: 20px;\"><span style=\"color: #00ccff;\">N\u00e9erlandais:<\/span> Monsieur Nicolas Hocquet<\/span><\/p>\n<p>&nbsp;<\/p>\n<p><span style=\"font-family: 'comic sans ms', sans-serif; font-size: 20px;\"><span style=\"color: #00ccff;\">Gardienne:<\/span> Madame Fran\u00e7oise Stordeur<\/span><\/p>\n<p>&nbsp;<\/p>\n<p style=\"text-align: center;\">\n","protected":false},"excerpt":{"rendered":"<p>&nbsp; &nbsp; Directrice: Madame Marie-Laure Binam\u00e9 &nbsp; &nbsp; Implantation du cercle: rue de Maubeuge &nbsp; Accueil-M1: Madame Val\u00e9rie Dellier M2: Madame Isabelle Navez &nbsp; Pu\u00e9ricultrice: Madame Caroline Lemaire &nbsp; Polyvalence: Madame S\u00e9verine Lempreux &nbsp; Psychomotricit\u00e9: Monsieur Damien Thomas &nbsp; Gardienne: Madame Bernadette Deltenre &nbsp; &nbsp; Implantation flor\u00e9al: rue Flor\u00e9al Park &nbsp; M3: Madame Anne Baudson &hellip; <\/p>\n<p><a class=\"more-link btn\" href=\"https:\/\/ecole-sainte-therese.be\/index.php\/equipe-educative\/\">Lire la suite<\/a><\/p>\n","protected":false},"author":1,"featured_media":773,"parent":0,"menu_order":0,"comment_status":"closed","ping_status":"closed","template":"","meta":{"footnotes":""},"class_list":["post-48","page","type-page","status-publish","has-post-thumbnail","hentry","nodate","item-wrap"],"_links":{"self":[{"href":"https:\/\/ecole-sainte-therese.be\/index.php\/wp-json\/wp\/v2\/pages\/48","targetHints":{"allow":["GET"]}}],"collection":[{"href":"https:\/\/ecole-sainte-therese.be\/index.php\/wp-json\/wp\/v2\/pages"}],"about":[{"href":"https:\/\/ecole-sainte-therese.be\/index.php\/wp-json\/wp\/v2\/types\/page"}],"author":[{"embeddable":true,"href":"https:\/\/ecole-sainte-therese.be\/index.php\/wp-json\/wp\/v2\/users\/1"}],"replies":[{"embeddable":true,"href":"https:\/\/ecole-sainte-therese.be\/index.php\/wp-json\/wp\/v2\/comments?post=48"}],"version-history":[{"count":7,"href":"https:\/\/ecole-sainte-therese.be\/index.php\/wp-json\/wp\/v2\/pages\/48\/revisions"}],"predecessor-version":[{"id":829,"href":"https:\/\/ecole-sainte-therese.be\/index.php\/wp-json\/wp\/v2\/pages\/48\/revisions\/829"}],"wp:featuredmedia":[{"embeddable":true,"href":"https:\/\/ecole-sainte-therese.be\/index.php\/wp-json\/wp\/v2\/media\/773"}],"wp:attachment":[{"href":"https:\/\/ecole-sainte-therese.be\/index.php\/wp-json\/wp\/v2\/media?parent=48"}],"curies":[{"name":"wp","href":"https:\/\/api.w.org\/{rel}","templated":true}]}}